 tens digit of s?
9
What is the thousands digit of (95420/(-8) - 8)/((-11)/44)?
7
Suppose 25*w - 22*w - 11562 = 0. What is the thousands digit of w?
3
Suppose 0 = -10*b + 6265 + 1835. What is the tens digit of (-1 - -24)/(15/b)?
4
Let v be (-3)/((-2)/11 + 23/(-55)). Suppose -70 = -v*d + y + y, -3*y = 5*d - 95. What is the hundreds digit of d/20 - (-906)/5?
1
Suppose -11 = -3*t + 1. Suppose 32 = -7*b + t. What is the units digit of (2/b - (-10)/(-20))*-79?
9
Suppose 0 = 3*l - 120 + 123. What is the tens digit of l - (5 - 9) - -223?
2
Suppose 586*z + 883405 = 681*z. What is the thousands digit of z?
9
Let b = 1995 - -2502. What is the thousands digit of b?
4
Let i(g) = 7*g**2 + 1. Let z be i(-1). Let m be (2 - 3)/(z/(-1000)). Let t = m + -44. What is the units digit of t?
1
Let y(f) = -4*f**3 - 3*f**2 - 3*f - 13. Let q = 186 - 191. What is the hundreds digit of y(q)?
4
What is the ten thousands digit of 9963/15*13110/414?
2
Let g = -129 + 131. Suppose 0 = b - g*m - 476, 211 = b - 3*m - 270. What is the hundreds digit of b?
4
Suppose -5*g - g = 6*g - 121836. What is the hundreds digit of g?
1
Let u(q) = 65*q**3 - q**2 + 4 + 2*q - 74*q**3 - 4*q. Let x be u(3). Let s = 445 + x. What is the units digit of s?
1
Let i(q) be the first derivative of -4*q**2 - 11*q - 77. What is the units digit of i(-7)?
5
Suppose 45 = 93*p - 90*p. Let r be 12/(p/6 - 1). Let i = 147 + r. What is the tens digit of i?
5
Let f(g) = 75 - 224*g - 41*g + 124*g. What is the tens digit of f(-7)?
6
Let w = 90081 + -14686. What is the units digit of w?
5
Let h = 1854 + -855. What is the units digit of h?
9
Let s(z) = -23*z**2 + 199*z + 31. Let y(c) = -14*c**2 + 100*c + 16. Let w(o) = -3*s(o) + 5*y(o). What is the thousands digit of w(-30)?
1
What is the thousands digit of ((-92)/(-16) + -2)/((-75)/(-108360))?
5
Let l = -12654 - -37910. What is the ten thousands digit of l?
2
What is the tens digit of 66795/210*(-3 - -109) + 8/(-14)?
1
Suppose 392 = 55*q + 43*q. Suppose -5*c + 1060 = 2*a, 3*c - 318 - 318 = -3*a. Suppose r - c - 29 = 2*d, r = -q*d + 253. What is the hundreds digit of r?
2
Suppose 17*l + 7110 - 20286 = 31857. What is the units digit of l?
9
Let t = -77 - -80. Suppose 15*r - 33 + t = 0. Suppose -r*o = 4*z - 560, -z + 3*o = -2*o - 162. What is the hundreds digit of z?
1
Suppose -4*q = -6*q - o + 6, -2*q + 6 = -4*o. Suppose -q*z = -0*z - 417. Let u = z + -90. What is the units digit of u?
9
Let u(p) = p**3 + 69*p**2 + 165*p - 158. What is the tens digit of u(-66)?
2
What is the units digit of (5 - -9)/112 - (1 - 28855/8)?
6
Suppose -384 = -0*s - 3*s. Suppose -5*a = 5*b - 6 + 1, a - 2*b - 10 = 0. Suppose a*c - 928 = -s. What is the tens digit of c?
0
Let c(h) = -3*h**3 - 36*h**2 + 14*h - 107. What is the tens digit of c(-19)?
0
Suppose 0*y + 12*y + 70*y = 73718. What is the tens digit of y?
9
Let c = 27387 - 15644. What is the units digit of c?
3
Let t(i) = 4*i. Let k be t(1). Suppose 3*a = k*w - 17, 2*w = -2*w - 3*a - 1. Suppose -3*q - 2*f + 6*f = -171, -w*f = -3*q + 177. What is the tens digit of q?
6
Let z be 530 + (-18)/6 + 5. Let q = z + -282. What is the units digit of q?
0
What is the tens digit of ((-12530)/(-4))/(10/20)?
6
Let j(g) = 248*g**2 - 109*g + 95. What is the ten thousands digit of j(7)?
1
What is the hundreds digit of ((-44)/(-2))/((-7)/24654*-12)?
4
Suppose 4*m + 49582 = 3*p, 324*p - 327*p - 2*m = -49558. What is the thousands digit of p?
6
Suppose 5*y + 2*c = -2102, 1347 - 93 = -3*y - 3*c. Let v = 247 - y. What is the hundreds digit of v?
6
Suppose 2*d = 3*w - 4110, 5*w + 3*d - 3280 - 3589 = 0. Let b = w - 957. What is the hundreds digit of b?
4
Let y(w) = -3*w - 4*w - 3 - 3*w**2 + 1069*w**3 - 1110*w**3. Let h be y(-2). Suppose -4*j + 207 = 5*m, -5*m + h = 5*j + 62. What is the tens digit of j?
5
Suppose 4 = 3*a + 19. Let u(f) = -2*f**3 - 11*f**2 - 6*f. Let s be u(a). Suppose 0 = -3*b + 4*c + 504, 5*c - 531 = 2*b - s*b. What is the tens digit of b?
7
Suppose 48*n + 4*l + 1784 = 50*n, 0 = 4*n - 4*l - 3564. What is the units digit of n?
0
Let r(f) = -20931*f - 4107. What is the ten thousands digit of r(-2)?
3
Let p be 13 - (68/(-20) + (-2)/(-5)). Suppose b + 15*j - 107 = p*j, j = 3*b - 313. What is the units digit of b?
3
Let z = -8937 + 30097. What is the tens digit of z?
6
Let p = -152 - -97. Let w = p - -153. What is the units digit of w?
8
Suppose 5*a + 3*f = 1918, 7*a = 10*a - 5*f - 1178. Let m = -189 + a. What is the units digit of m?
7
Suppose -14*t + 1632 = -2134. What is the units digit of t*2 - 1/((-11)/(-55))?
3
Let h(z) = -320*z**2 - 52*z - 6. Let a be h(-8). What is the tens digit of a/(-24) - (-9)/(-36)?
3
What is the thousands digit of ((-21670)/30)/((-3)/36)?
8
Let i = -136 + 190. Suppose 0 = -3*g - 2*t - i, g - 4*t + 18 = t. What is the tens digit of (-2)/g*-2 - (-758)/9?
8
Suppose 21*j + 20912 = 22*j + 5*a, -2*j - 5*a = -41829. What is the ten thousands digit of j?
2
Suppose -329*s + 88316 = -325*s. What is the thousands digit of s?
2
Let a be (-81)/(-162)*(7 - 1). What is the units digit of 732 + 1/(a/(90/(-5)))?
6
Let g = 10289 + -1511. What is the units digit of g?
8
Let y(q) = -q**2 + 1. Let c be y(1). Suppose -22*j + 26*j - 64 = c. What is the tens digit of ((-177)/(-4) + 6)/(6/j)?
3
Suppose -10*q + 132 + 38 = 0. Suppose 41 = q*a - 129. What is the units digit of 2448/a - ((-44)/20 + 2)?
5
Suppose -5*j = -3*c + 18, 0 = -7*c + 5*c - j - 1. Let a = -4 + 8. What is the units digit of 152/c - 0*(-3 + a)?
2
Let l = 136 + -134. Suppose -7 = -2*w - 13, -681 = -5*i + l*w. What is the hundreds digit of i?
1
Let j(p) = 4*p - 1. Let w(s) = s + 54. Let f(g) = 3*j(g) + w(g). What is the units digit of f(14)?
3
Let y be 0 + (12/8 - (-2)/4). Suppose -y*d = 4*n - 178, 2*n + 4*d - 46 = 28. What is the tens digit of n?
4
Suppose -3*w = 3*j + 6, w - 8*j + 8 = -12*j. Suppose -32*a + 6*a + 18772 = w. What is the hundreds digit of a?
7
Let o = 6320 - -9341. What is the hundreds digit of o?
6
Suppose 5 - 32 = -9*a. Suppose a*n - 1314 = 420. What is the tens digit of n?
7
Let w(c) = 1060*c**2 + 2*c - 16. Let n be w(5). Suppose 15*m + 8764 - n = 0. What is the units digit of m?
2
Let o = -489 - -705. Let r = o + -742. Let k = 746 + r. What is the hundreds digit of k?
2
Suppose -28*d = -13*d + 4*d - 188955. What is the hundreds digit of d?
9
Let h = -134 - -88. Let y = h + 47. Suppose -v = 2*d - 9 - y, -5*v - 4*d + 44 = 0. What is the units digit of v?
8
Let q(o) = -2*o**3 - 2*o**2 - 6*o - 5. Let i(j) = j**2 - 2*j - 9. Let u be i(3). Let k be q(u). Let b = k + -131. What is the units digit of b?
0
Let t = 1794 + -905. Suppose 31*k - t = 24*k. What is the tens digit of k?
2
Let b = 111 - 109. Suppose 5*v = -25, 5*u - 25 = -0*u + b*v. Suppose -5*q - 3*l + 936 - 104 = 0, 4*q = u*l + 644. What is the hundreds digit of q?
1
Let u = 317 - 262. Suppose -u*n = -25*n - 19590. What is the tens digit of n?
5
Suppose 28*s - 25*s - 135656 = -4*h, 5*s = -4*h + 226072. What is the hundreds digit of s?
2
Let w = 22 - 24. Suppose 0 = -5*n, 0*n + 10 = t - n. What is the hundreds digit of w/t + (-676)/(-5)?
1
Suppose 3*q - 283 = -2*a + 60, 3*a + 4*q - 516 = 0. What is the tens digit of (a/(-24))/((-308)/(-156) - 2)?
8
Let a(c) = -130*c**2 + 8*c + 7. Let q be a(-1). Let r = q - -702. What is the hundreds digit of r?
5
Let a(d) = -d**3 + 20*d**2 - 36*d + 6. Let u be a(18). Suppose 4*l + i + u = 0, 0 = -l + 4*i + i - 12. What is the hundreds digit of -2 - (-636)/(5 + l)?
2
Suppose 163*v - 2165 = 932. Let u(w) = -w**3 + 5*w**2 + 8*w + 3. Let b be u(6). Suppose -b*h - 324 = -v*h. What is the units digit of h?
1
Suppose -k + 5*t + 10 = 0, -2*t - t = -3*k + 18. Suppose 15 = 5*c + k. Let u = c - -25. What is the units digit of u?
7
Let z be 0/(8/(-6) + 20/(-30)). Suppose z = 2*f + 20 - 152. What is the units digit of 6/4*3212/f?
3
Let m(s) = 3*s**2 + 70*s + 204. What is the hundreds digit of m(-53)?
9
Let x = -516 + 546. What is the units digit of 763 + x - -1*5?
8
Let j(r) = -5*r + 28. Let s be j(-11). Let h = s + -46. What is the tens digit of h?
3
Suppose 0 = 18*p - 222593 - 93716 - 187403. What is the thousands digit of p?
7
Let b = -236 - -245. Suppose -b*n = -3587 + 491. What is the units digit of n?
4
Let i be 6 + 1744/(16/2). Suppose -4*l - 48 = -i. What is the units d